{"id":253,"date":"2023-06-27T16:24:53","date_gmt":"2023-06-27T14:24:53","guid":{"rendered":"https:\/\/hirschberg-ferienhaus.de\/?page_id=253"},"modified":"2023-06-27T16:37:58","modified_gmt":"2023-06-27T14:37:58","slug":"einkaufen-einkehren","status":"publish","type":"page","link":"https:\/\/hirschberg-ferienhaus.de\/?page_id=253","title":{"rendered":"Einkaufen &#038; Einkehren"},"content":{"rendered":"\n<h2 class=\"wp-block-heading\">B\u00e4ckerei Nolte<\/h2>\n\n\n\n<p>Burgstra\u00dfe 24, 59581 Hirschberg, 02902\/5433<br>Mo-Fr 7:00-12:30 &amp; 14:30-18:00 Uhr, Sa 6:30-12:30 Uhr<\/p>\n\n\n\n<h2 class=\"wp-block-heading\">B\u00e4ckerei Lange im Combi-Markt<\/h2>\n\n\n\n<p>St.-Poler-Stra\u00dfe 17-19, 59581 Warstein, 02902\/912701<br>Mo-Sa 6:00-20:00, So 8:00-11:00 Uhr<\/p>\n\n\n\n<h2 class=\"wp-block-heading\">Lebensmittel K\u00f6ster<\/h2>\n\n\n\n<p>Prinzenstra\u00dfe 9, 59581 Hirschberg, 02902\/2309<br>Mo 7:00 &#8211; 12:30, Di -Fr 7:00 -12:30 &amp; 15:00 &#8211; 18:00, Sa 7:00 &#8211; 12:30, So 8:00 &#8211; 10:00 Uhr<\/p>\n\n\n\n<h2 class=\"wp-block-heading\">Combi-Supermarkt<\/h2>\n\n\n\n<p>St.-Poler-Stra\u00dfe 17-19, 59581 Warstein, 02902\/912275<br>Mo &#8211; Sa 7:00 &#8211; 21:00 Uhr<\/p>\n\n\n\n<h2 class=\"wp-block-heading\">Gasthof \u201eZum Hirsch\u201c<\/h2>\n\n\n\n<p>Stadtgraben 23, 59581 Hirschberg, 02902\/3645<br>Mi &#8211; Sa 16:00 23:00, So &amp; Feiertage 11:00 &#8211; 14:00 &amp; 17:00 &#8211; 22:00 Uhr<\/p>\n\n\n\n<h2 class=\"wp-block-heading\">Landhotel &amp; Gasthof Cramer<\/h2>\n\n\n\n<p>Prinzenstra\u00dfe 2, 59581 Hirschberg, 02902\/9880<br>Mo &#8211; Do 15:00 &#8211; 22:00, Fr &amp; Sa 15:00 &#8211; 24:00, So 12:00 &#8211; 21:30 Uhr<\/p>\n\n\n\n<h2 class=\"wp-block-heading\">Gasthof Birkenhof<\/h2>\n\n\n\n<p>Bermecke 1, 59581 Hirschberg, 02902\/97780<br>Mo &amp; Mi &#8211; Fr ab 17:00, K\u00fcche ab 18:00 Uhr, Sa ab 11:00, K\u00fcche ab 12:00, So ab 10:00, K\u00fcche ab<br>12:00 Uhr, Di Ruhetag<\/p>\n\n\n\n<h2 class=\"wp-block-heading\">Schloss-St\u00fcbchen Caf\u00e9 Grill<\/h2>\n\n\n\n<p>Kurf\u00fcrstenstra\u00dfe 19, 59581 Hirschberg, 02902\/977 2646<br>Mi-So 11:30 bis 20:00 Uhr, Mo &amp; Di Ruhetag, an Feiertagen ge\u00f6ffnet<\/p>\n\n\n\n<h2 class=\"wp-block-heading\">Waldhaus F\u00f6ckinghausen<\/h2>\n\n\n\n<p>F\u00f6ckinghausen 23, 59909 Bestwig, 02904\/97760,<br>Mo Ruhetag, Di 14:00-18:00 Kaffee &amp; Kuchen, Mi-So K\u00fcche 12:00-14:00 &amp; 17:30-20:00, Vesperkarte &amp; Kaffee &amp; Kuchen 14:00-17:30 Uhr<\/p>\n\n\n\n<h2 class=\"wp-block-heading\">Landhotel Donner<\/h2>\n\n\n\n<p>Zur Alten Schmiede 4, 59872 Meschede-Remblinghausen, 0291\/952700, K\u00fcche Mo, Di, Do, Fr. 17:30 &#8211; 21:00, Sa &amp; Feiertage 12:00 &#8211; 14:00 &amp; 17:30 &#8211; 21:00 Uhr<\/p>\n\n\n\n<h2 class=\"wp-block-heading\">Romantik Hotel Knippschild<\/h2>\n\n\n\n<p>Theodor-Ernst-Stra\u00dfe 3, 59602 R\u00fcthen-Kallenhardt, 02902\/80330, Di &amp; Mi, Fr &#8211; So 12:00 &#8211; 13:30 &amp; 18:00 &#8211; 21:00 Uhr, Do Ruhetag<\/p>\n","protected":false},"excerpt":{"rendered":"<p>B\u00e4ckerei Nolte Burgstra\u00dfe 24, 59581 Hirschberg, 02902\/5433Mo-Fr 7:00-12:30 &amp; 14:30-18:00 Uhr, Sa 6:30-12:30 Uhr B\u00e4ckerei Lange im Combi-Markt St.-Poler-Stra\u00dfe 17-19, 59581 Warstein, 02902\/912701Mo-Sa 6:00-20:00, So 8:00-11:00 Uhr Lebensmittel K\u00f6ster Prinzenstra\u00dfe 9, 59581 Hirschberg, 02902\/2309Mo 7:00 &#8211; 12:30, Di -Fr 7:00 -12:30 &amp; 15:00 &#8211; 18:00, Sa 7:00 &#8211; 12:30, So 8:00 &#8211; 10:00 Uhr Combi-Supermarkt [&hellip;]<\/p>\n","protected":false},"author":3,"featured_media":0,"parent":0,"menu_order":0,"comment_status":"closed","ping_status":"closed","template":"","meta":{"footnotes":""},"class_list":["post-253","page","type-page","status-publish","hentry"],"_links":{"self":[{"href":"https:\/\/hirschberg-ferienhaus.de\/index.php?rest_route=\/wp\/v2\/pages\/253","targetHints":{"allow":["GET"]}}],"collection":[{"href":"https:\/\/hirschberg-ferienhaus.de\/index.php?rest_route=\/wp\/v2\/pages"}],"about":[{"href":"https:\/\/hirschberg-ferienhaus.de\/index.php?rest_route=\/wp\/v2\/types\/page"}],"author":[{"embeddable":true,"href":"https:\/\/hirschberg-ferienhaus.de\/index.php?rest_route=\/wp\/v2\/users\/3"}],"replies":[{"embeddable":true,"href":"https:\/\/hirschberg-ferienhaus.de\/index.php?rest_route=%2Fwp%2Fv2%2Fcomments&post=253"}],"version-history":[{"count":1,"href":"https:\/\/hirschberg-ferienhaus.de\/index.php?rest_route=\/wp\/v2\/pages\/253\/revisions"}],"predecessor-version":[{"id":255,"href":"https:\/\/hirschberg-ferienhaus.de\/index.php?rest_route=\/wp\/v2\/pages\/253\/revisions\/255"}],"wp:attachment":[{"href":"https:\/\/hirschberg-ferienhaus.de\/index.php?rest_route=%2Fwp%2Fv2%2Fmedia&parent=253"}],"curies":[{"name":"wp","href":"https:\/\/api.w.org\/{rel}","templated":true}]}}